{"id":45,"date":"2025-04-23T09:38:28","date_gmt":"2025-04-23T07:38:28","guid":{"rendered":"https:\/\/elisabeth-lehner.space\/?page_id=45"},"modified":"2025-04-23T10:19:51","modified_gmt":"2025-04-23T08:19:51","slug":"ueber-uns","status":"publish","type":"page","link":"https:\/\/elisabeth-lehner.space\/index.php\/ueber-uns\/","title":{"rendered":"\u00dcber mich"},"content":{"rendered":"\n<p>Auch wenn Menschen aus so viel mehr gemacht sind, finden sich hier ein paar Fakten zu meiner beruflichen Laufbahn und den Ausbildungen, die ich im Laufe meines Lebens bisher absolviert habe oder dabei bin zu absolvieren.<\/p>\n\n\n\n<div class=\"wp-block-columns is-layout-flex wp-container-core-columns-is-layout-9d6595d7 wp-block-columns-is-layout-flex\">\n<div class=\"wp-block-column is-layout-flow wp-block-column-is-layout-flow\" style=\"flex-basis:66.66%\">\n<h2 class=\"wp-block-heading\">Ausbildung<\/h2>\n\n\n\n<p><strong>K\u00fcnstlerisches Lehramt <\/strong>(Magistra Artium) f\u00fcr<br>Kunst und Gestaltung &amp; Technik und Design<br>an der Akademie der Bildenden K\u00fcnste Wien<\/p>\n\n\n\n<p><strong>Japanologie<\/strong> (BA)<br>an der Universit\u00e4t Wien<\/p>\n\n\n\n<p><strong>Kulturmanagement<\/strong> (Zertifikat)<br>am Institut f\u00fcr Kulturkonzepte in Wien<\/p>\n\n\n\n<p>Derzeit in Ausbildung f\u00fcr<br><strong>Mentoring f\u00fcr Lehramt<\/strong> Technik und Design<br>an der Universit\u00e4t Wien und der Universit\u00e4t f\u00fcr Angewandte Kunst Wien<\/p>\n<\/div>\n\n\n\n<div class=\"wp-block-column is-layout-flow wp-block-column-is-layout-flow\" style=\"flex-basis:33.33%\">\n<figure class=\"wp-block-image size-large\"><img loading=\"lazy\" decoding=\"async\" width=\"559\" height=\"1024\" src=\"https:\/\/elisabeth-lehner.space\/wp-content\/uploads\/2025\/04\/Portrait-559x1024.jpg\" alt=\"\" class=\"wp-image-150\" srcset=\"https:\/\/elisabeth-lehner.space\/wp-content\/uploads\/2025\/04\/Portrait-559x1024.jpg 559w, https:\/\/elisabeth-lehner.space\/wp-content\/uploads\/2025\/04\/Portrait-164x300.jpg 164w, https:\/\/elisabeth-lehner.space\/wp-content\/uploads\/2025\/04\/Portrait.jpg 600w\" sizes=\"auto, (max-width: 559px) 100vw, 559px\" \/><\/figure>\n<\/div>\n<\/div>\n\n\n\n<div class=\"wp-block-columns is-layout-flex wp-container-core-columns-is-layout-9d6595d7 wp-block-columns-is-layout-flex\">\n<div class=\"wp-block-column is-layout-flow wp-block-column-is-layout-flow\" style=\"flex-basis:33.33%\">\n<figure class=\"wp-block-image size-large\"><img loading=\"lazy\" decoding=\"async\" width=\"205\" height=\"1024\" src=\"https:\/\/elisabeth-lehner.space\/wp-content\/uploads\/2025\/04\/portrait2-Kopie-2-205x1024.jpg\" alt=\"\" class=\"wp-image-180\" srcset=\"https:\/\/elisabeth-lehner.space\/wp-content\/uploads\/2025\/04\/portrait2-Kopie-2-205x1024.jpg 205w, https:\/\/elisabeth-lehner.space\/wp-content\/uploads\/2025\/04\/portrait2-Kopie-2-60x300.jpg 60w, https:\/\/elisabeth-lehner.space\/wp-content\/uploads\/2025\/04\/portrait2-Kopie-2-410x2048.jpg 410w, https:\/\/elisabeth-lehner.space\/wp-content\/uploads\/2025\/04\/portrait2-Kopie-2.jpg 500w\" sizes=\"auto, (max-width: 205px) 100vw, 205px\" \/><\/figure>\n<\/div>\n\n\n\n<div class=\"wp-block-column is-layout-flow wp-block-column-is-layout-flow\" style=\"flex-basis:66.66%\">\n<h2 class=\"wp-block-heading\">Lehre<\/h2>\n\n\n\n<p>Ich unterrichte seit J\u00e4nner 2022 am<br><strong>BRG 3 Boerhaavegasse<\/strong> in den F\u00e4chern <em>Kunst und Gestaltung<\/em>, <em>Technik und Design<\/em> und Digitale Grundbildung.<\/p>\n\n\n\n<p>Mittlerweile unterrichte ich das dritte Sommersemester in Folge die Lehrveranstaltung <em>Sustainable Media <\/em>an der <strong>Kunstuni Linz<\/strong> (auch seit 2022)<\/p>\n\n\n\n<p>An der <strong>Akademie der Bildenden K\u00fcnste Wien<\/strong> unterrichte ich das zweite Jahr in Folge jeweils unterschiedliche Lehrveranstaltungen im Lehramtsfach Technik und Design<\/p>\n\n\n\n<p>Freiberuflich habe ich in der Vergangenheit unterschiedliche Workshops in der offenen und geschlossenen Kinder- und Jugendarbeit gehalten. H\u00e4ufig zu digitalen Kreativthemen wie Gamedesign, AR, Video und Animation, Webdesign, &#8230;<\/p>\n\n\n\n<p><strong>Berufserfahrung<\/strong><\/p>\n\n\n\n<p>Freiberuflich habe ich die Projekte <a href=\"https:\/\/edumakerspace.fll.wien\/change\/\">CHANGE! EduMINDsET for Future!<\/a> (2021-2023) und <a href=\"https:\/\/edumakerspace.fll.wien\/projekt\/\">EduMakerspace Favoriten<\/a> (2019-2021) als Projektmanagerin und Teamleiterin begleitet. Davor arbeitete ich in der Kulturvermittlung beim OeAD als Projektassistentin und dann Projektmanagerin. Ich verwaltete die Projekte <a href=\"https:\/\/kulturvermittlung.oead.at\/de\/culture-connected\">Culture Connected<\/a> und <a href=\"https:\/\/www.leadershipacademy.at\/\">Leadership Academy<\/a>.<\/p>\n<\/div>\n<\/div>\n\n\n\n<div class=\"wp-block-columns is-layout-flex wp-container-core-columns-is-layout-9d6595d7 wp-block-columns-is-layout-flex\">\n<div class=\"wp-block-column is-layout-flow wp-block-column-is-layout-flow\" style=\"flex-basis:66.66%\">\n<h2 class=\"wp-block-heading\">Berufserfahrung<\/h2>\n\n\n\n<p>Freiberuflich habe ich die Projekte <a href=\"https:\/\/edumakerspace.fll.wien\/change\/\">CHANGE! EduMINDsET for Future!<\/a> (2021-2023) und <a href=\"https:\/\/edumakerspace.fll.wien\/projekt\/\">EduMakerspace Favoriten<\/a> (2019-2021) als Projektmanagerin und Teamleiterin begleitet.<\/p>\n\n\n\n<p>Davor arbeitete ich in der Kulturvermittlung beim OeAD als Projektassistentin und dann Projektmanagerin. Ich verwaltete die Projekte <a href=\"https:\/\/kulturvermittlung.oead.at\/de\/culture-connected\">Culture Connected<\/a> und <a href=\"https:\/\/www.leadershipacademy.at\/\">Leadership Academy<\/a>.<\/p>\n<\/div>\n\n\n\n<div class=\"wp-block-column is-layout-flow wp-block-column-is-layout-flow\" style=\"flex-basis:33.33%\">\n<figure class=\"wp-block-image size-large\"><img loading=\"lazy\" decoding=\"async\" width=\"559\" height=\"1024\" src=\"https:\/\/elisabeth-lehner.space\/wp-content\/uploads\/2025\/04\/Portrait3-559x1024.jpg\" alt=\"\" class=\"wp-image-159\" srcset=\"https:\/\/elisabeth-lehner.space\/wp-content\/uploads\/2025\/04\/Portrait3-559x1024.jpg 559w, https:\/\/elisabeth-lehner.space\/wp-content\/uploads\/2025\/04\/Portrait3-164x300.jpg 164w, https:\/\/elisabeth-lehner.space\/wp-content\/uploads\/2025\/04\/Portrait3.jpg 600w\" sizes=\"auto, (max-width: 559px) 100vw, 559px\" \/><\/figure>\n<\/div>\n<\/div>\n","protected":false},"excerpt":{"rendered":"<p>Auch wenn Menschen aus so viel mehr gemacht sind, finden sich hier ein paar Fakten zu meiner beruflichen Laufbahn und den Ausbildungen, die ich im Laufe meines Lebens bisher absolviert habe oder dabei bin zu absolvieren. Ausbildung K\u00fcnstlerisches Lehramt (Magistra Artium) f\u00fcrKunst und Gestaltung &amp; Technik und Designan der Akademie der Bildenden K\u00fcnste Wien Japanologie &hellip; <\/p>\n<p class=\"link-more\"><a href=\"https:\/\/elisabeth-lehner.space\/index.php\/ueber-uns\/\" class=\"more-link\"><span class=\"screen-reader-text\">\u201e\u00dcber mich\u201c<\/span> weiterlesen<\/a><\/p>\n","protected":false},"author":9,"featured_media":0,"parent":0,"menu_order":0,"comment_status":"closed","ping_status":"closed","template":"","meta":{"footnotes":""},"class_list":["post-45","page","type-page","status-publish","hentry"],"_links":{"self":[{"href":"https:\/\/elisabeth-lehner.space\/index.php\/wp-json\/wp\/v2\/pages\/45","targetHints":{"allow":["GET"]}}],"collection":[{"href":"https:\/\/elisabeth-lehner.space\/index.php\/wp-json\/wp\/v2\/pages"}],"about":[{"href":"https:\/\/elisabeth-lehner.space\/index.php\/wp-json\/wp\/v2\/types\/page"}],"author":[{"embeddable":true,"href":"https:\/\/elisabeth-lehner.space\/index.php\/wp-json\/wp\/v2\/users\/9"}],"replies":[{"embeddable":true,"href":"https:\/\/elisabeth-lehner.space\/index.php\/wp-json\/wp\/v2\/comments?post=45"}],"version-history":[{"count":3,"href":"https:\/\/elisabeth-lehner.space\/index.php\/wp-json\/wp\/v2\/pages\/45\/revisions"}],"predecessor-version":[{"id":183,"href":"https:\/\/elisabeth-lehner.space\/index.php\/wp-json\/wp\/v2\/pages\/45\/revisions\/183"}],"wp:attachment":[{"href":"https:\/\/elisabeth-lehner.space\/index.php\/wp-json\/wp\/v2\/media?parent=45"}],"curies":[{"name":"wp","href":"https:\/\/api.w.org\/{rel}","templated":true}]}}

Über mich

<p>Auch wenn Menschen aus so viel mehr gemacht sind, finden sich hier ein paar Fakten zu meiner beruflichen Laufbahn und den Ausbildungen, die ich im Laufe meines Lebens bisher absolviert habe oder dabei bin zu absolvieren.</p>



<div class="wp-block-columns is-layout-flex wp-container-core-columns-is-layout-9d6595d7 wp-block-columns-is-layout-flex">
<div class="wp-block-column is-layout-flow wp-block-column-is-layout-flow" style="flex-basis:66.66%">
<h2 class="wp-block-heading">Ausbildung</h2>



<p><strong>Künstlerisches Lehramt </strong>(Magistra Artium) für<br>Kunst und Gestaltung &amp; Technik und Design<br>an der Akademie der Bildenden Künste Wien</p>



<p><strong>Japanologie</strong> (BA)<br>an der Universität Wien</p>



<p><strong>Kulturmanagement</strong> (Zertifikat)<br>am Institut für Kulturkonzepte in Wien</p>



<p>Derzeit in Ausbildung für<br><strong>Mentoring für Lehramt</strong> Technik und Design<br>an der Universität Wien und der Universität für Angewandte Kunst Wien</p>
</div>



<div class="wp-block-column is-layout-flow wp-block-column-is-layout-flow" style="flex-basis:33.33%">
<figure class="wp-block-image size-large"><img loading="lazy" decoding="async" width="559" height="1024" src="https://elisabeth-lehner.space/wp-content/uploads/2025/04/Portrait-559x1024.jpg" alt="" class="wp-image-150" srcset="https://elisabeth-lehner.space/wp-content/uploads/2025/04/Portrait-559x1024.jpg 559w, https://elisabeth-lehner.space/wp-content/uploads/2025/04/Portrait-164x300.jpg 164w, https://elisabeth-lehner.space/wp-content/uploads/2025/04/Portrait.jpg 600w" sizes="auto, (max-width: 559px) 100vw, 559px" /></figure>
</div>
</div>



<div class="wp-block-columns is-layout-flex wp-container-core-columns-is-layout-9d6595d7 wp-block-columns-is-layout-flex">
<div class="wp-block-column is-layout-flow wp-block-column-is-layout-flow" style="flex-basis:33.33%">
<figure class="wp-block-image size-large"><img loading="lazy" decoding="async" width="205" height="1024" src="https://elisabeth-lehner.space/wp-content/uploads/2025/04/portrait2-Kopie-2-205x1024.jpg" alt="" class="wp-image-180" srcset="https://elisabeth-lehner.space/wp-content/uploads/2025/04/portrait2-Kopie-2-205x1024.jpg 205w, https://elisabeth-lehner.space/wp-content/uploads/2025/04/portrait2-Kopie-2-60x300.jpg 60w, https://elisabeth-lehner.space/wp-content/uploads/2025/04/portrait2-Kopie-2-410x2048.jpg 410w, https://elisabeth-lehner.space/wp-content/uploads/2025/04/portrait2-Kopie-2.jpg 500w" sizes="auto, (max-width: 205px) 100vw, 205px" /></figure>
</div>



<div class="wp-block-column is-layout-flow wp-block-column-is-layout-flow" style="flex-basis:66.66%">
<h2 class="wp-block-heading">Lehre</h2>



<p>Ich unterrichte seit Jänner 2022 am<br><strong>BRG 3 Boerhaavegasse</strong> in den Fächern <em>Kunst und Gestaltung</em>, <em>Technik und Design</em> und Digitale Grundbildung.</p>



<p>Mittlerweile unterrichte ich das dritte Sommersemester in Folge die Lehrveranstaltung <em>Sustainable Media </em>an der <strong>Kunstuni Linz</strong> (auch seit 2022)</p>



<p>An der <strong>Akademie der Bildenden Künste Wien</strong> unterrichte ich das zweite Jahr in Folge jeweils unterschiedliche Lehrveranstaltungen im Lehramtsfach Technik und Design</p>



<p>Freiberuflich habe ich in der Vergangenheit unterschiedliche Workshops in der offenen und geschlossenen Kinder- und Jugendarbeit gehalten. Häufig zu digitalen Kreativthemen wie Gamedesign, AR, Video und Animation, Webdesign, &#8230;</p>



<p><strong>Berufserfahrung</strong></p>



<p>Freiberuflich habe ich die Projekte <a href="https://edumakerspace.fll.wien/change/">CHANGE! EduMINDsET for Future!</a> (2021-2023) und <a href="https://edumakerspace.fll.wien/projekt/">EduMakerspace Favoriten</a> (2019-2021) als Projektmanagerin und Teamleiterin begleitet. Davor arbeitete ich in der Kulturvermittlung beim OeAD als Projektassistentin und dann Projektmanagerin. Ich verwaltete die Projekte <a href="https://kulturvermittlung.oead.at/de/culture-connected">Culture Connected</a> und <a href="https://www.leadershipacademy.at/">Leadership Academy</a>.</p>
</div>
</div>



<div class="wp-block-columns is-layout-flex wp-container-core-columns-is-layout-9d6595d7 wp-block-columns-is-layout-flex">
<div class="wp-block-column is-layout-flow wp-block-column-is-layout-flow" style="flex-basis:66.66%">
<h2 class="wp-block-heading">Berufserfahrung</h2>



<p>Freiberuflich habe ich die Projekte <a href="https://edumakerspace.fll.wien/change/">CHANGE! EduMINDsET for Future!</a> (2021-2023) und <a href="https://edumakerspace.fll.wien/projekt/">EduMakerspace Favoriten</a> (2019-2021) als Projektmanagerin und Teamleiterin begleitet.</p>



<p>Davor arbeitete ich in der Kulturvermittlung beim OeAD als Projektassistentin und dann Projektmanagerin. Ich verwaltete die Projekte <a href="https://kulturvermittlung.oead.at/de/culture-connected">Culture Connected</a> und <a href="https://www.leadershipacademy.at/">Leadership Academy</a>.</p>
</div>



<div class="wp-block-column is-layout-flow wp-block-column-is-layout-flow" style="flex-basis:33.33%">
<figure class="wp-block-image size-large"><img loading="lazy" decoding="async" width="559" height="1024" src="https://elisabeth-lehner.space/wp-content/uploads/2025/04/Portrait3-559x1024.jpg" alt="" class="wp-image-159" srcset="https://elisabeth-lehner.space/wp-content/uploads/2025/04/Portrait3-559x1024.jpg 559w, https://elisabeth-lehner.space/wp-content/uploads/2025/04/Portrait3-164x300.jpg 164w, https://elisabeth-lehner.space/wp-content/uploads/2025/04/Portrait3.jpg 600w" sizes="auto, (max-width: 559px) 100vw, 559px" /></figure>
</div>
</div>

<p>Auch wenn Menschen aus so viel mehr gemacht sind, finden sich hier ein paar Fakten zu meiner beruflichen Laufbahn und den Ausbildungen, die ich im Laufe meines Lebens bisher absolviert habe oder dabei bin zu absolvieren. Ausbildung Künstlerisches Lehramt (Magistra Artium) fürKunst und Gestaltung &amp; Technik und Designan der Akademie der Bildenden Künste Wien Japanologie &hellip; </p>
<p class="link-more"><a href="https://elisabeth-lehner.space/index.php/ueber-uns/" class="more-link"><span class="screen-reader-text">„Über mich“</span> weiterlesen</a></p>
